3, 0*v = -3*v + 2*s - 19. Let a = v - -6. Calculate the remainder when l is divided by a.
0
Suppose 5*m - 475 = -110. What is the remainder when m is divided by 38?
35
Let n = 18 + 7. Suppose 4*y = 4, 0*p - y = -2*p + 27. What is the remainder when n is divided by p?
11
Let g = -24 + 36. Calculate the remainder when 34 is divided by g.
10
Let q = 23 - 14. Suppose 0 = -4*y + 5*j + 125, -2*j = 2*y + j - 35. Calculate the remainder when y is divided by q.
7
Suppose -3*q - u + 17 = 0, -3*q - 2*u - 3 = -19. Suppose -r + q + 1 = 0. Calculate the remainder when r is divided by (2 - 4 - -7) + -1 + -1.
1
Let v = -19 - -37. What is the remainder when 69 is divided by v?
15
Suppose 0 = -0*j + j - 11. What is the remainder when 30 is divided by j?
8
Let d(u) = u + 14. Let h(g) = g - 2. Let a be h(5). Suppose 0 = -c + y + a, -4*y = -4*c - 3*y + 27. Calculate the remainder when d(0) is divided by c.
6
What is the remainder when 21 is divided by 4*44/(-64)*-4?
10
Let j(q) = 6*q + 50. What is the remainder when 6 is divided by j(-8)?
0
Suppose -2*n + 20 = 3*n. Let d(c) = -2*c**3 - c + 1. Let q be d(1). Let a(g) = -4*g - 2. Calculate the remainder when a(q) is divided by n.
2
Let w = -17 - -19. What is the remainder when 30 is divided by 66/w*(-4)/(-12)?
8
Suppose 0 = -2*t + 31 + 7. Suppose -9*z = -8*z - 11. Calculate the remainder when t is divided by z.
8
Suppose -10 = -5*j, 3 + 13 = q + 4*j. Let a = 15 + 8. Calculate the remainder when a is divided by q.
7
Suppose 5*v - 4*z - 58 = 40, 100 = 5*v - 5*z. What is the remainder when v is divided by (-11)/(-2) + (-1)/2?
3
Let i be -1*(-1 - (31 + 1)). Let r = i + -10. Let s = 41 - 29. Calculate the remainder when r is divided by s.
11
Let r be -45 + (-2 - (-2 + -1)). Let i = r - -66. Calculate the remainder when i is divided by 8.
6
Let p = -1 - -2. Let h(d) = 54*d + 1. Suppose 7*w - 21 - 77 = 0. What is the remainder when h(p) is divided by w?
13
Suppose 2*c + 4*j = c + 43, 143 = 3*c - 2*j. What is the remainder when c is divided by 12?
11
Let i = 17 + -9. Let g(u) = -u**2 - 4*u + 12. Let m be g(-6). Suppose m = -5*w + w + i. What is the remainder when 3 is divided by w?
1
Let s(j) be the first derivative of -11*j**4/4 - j**3/3 - j**2 - j - 2. Calculate the remainder when s(-1) is divided by 7.
4
Let f = 21 + -13. Suppose -f = -2*v + 6. Calculate the remainder when 20 is divided by v.
6
Let q(d) = d**2 + 2*d - 3. Let g(z) = z**3 - 6*z**2 - 7*z + 2. Let t be g(7). Calculate the remainder when 19 is divided by q(t).
4
Let k(x) = x**2 + 4*x - 8. Let v(g) = -2*g + 6. Let f be v(4). Let j = f - -39. Calculate the remainder when j is divided by k(-7).
11
Let o = 19 + -14. Calculate the remainder when 19 is divided by o.
4
Suppose 2*b - 22 = -k, 3*b + 0*b = -5*k + 82. Suppose 2*l + 25 = x, -l + 70 = 4*x - 39. Calculate the remainder when x is divided by k.
13
Let b = -8 + 12. Suppose -169 = b*y + 167. Let h = 152 + y. Calculate the remainder when h is divided by 23.
22
Suppose -2*a + 29 = -5*t, -5*t - 14 = -a + 8. What is the remainder when 26 is divided by a?
5
Let z(w) = -3*w**3 - 4*w**2 + 2*w - 4. What is the remainder when 100 is divided by z(-3)?
30
Let y(w) = w**2 + w - 15. What is the remainder when 42 is divided by y(-6)?
12
Let x = -8 + 34. What is the remainder when 102 is divided by x?
24
Let y be 10/(-35) + 1488/14. Suppose -2*o - o = -5*k + 119, -5*o - 115 = -5*k. Calculate the remainder when k is divided by (-6)/24 + y/8.
12
Let u(p) be the third derivative of -5*p**4/24 + p**3/6 + p**2. Let k be -3 + (-6*1)/2. Calculate the remainder when u(k) is divided by 11.
9
Suppose 5*j - 45 = -2*g, 4*j - 36 = g + 3*g. Let o(p) = -6*p. What is the remainder when o(-4) is divided by j?
6
Suppose 4 + 4 = m + f, 4*m + 3*f = 29. Let h(v) = v**2 - 2*v. Calculate the remainder when 59 is divided by h(m).
14
Let w = 2 + -6. What is the remainder when 20 is divided by 3*(3 - 2) - w?
6
What is the remainder when (0 + 4)/(4 + (-20)/6) is divided by (-16)/(-6)*(-6)/(-4)?
2
Suppose 0 = -r + 4*r - 63. Suppose -20*x = -16*x - 324. Calculate the remainder when x is divided by r.
18
Suppose 5*w - 70 = 55. Calculate the remainder when w is divided by 14.
11
Suppose -2*o + 20 = 3*k - 11, -k = -3*o - 14. What is the remainder when 40 is divided by k?
7
Let w(g) = g**2 + 6*g - 13. What is the remainder when w(-11) is divided by 22?
20
Let f = 13 + 0. What is the remainder when f is divided by 5?
3
Let x = 24 + -14. Let d(z) = 7*z + 2*z**2 + 4 - 3 - 3. Calculate the remainder when d(-6) is divided by x.
8
Let y = -18 - -26. Calculate the remainder when 30 is divided by y.
6
Suppose h = 3*o + 3*h - 59, -2*o = 5*h - 43. What is the remainder when o is divided by 11?
8
Let t(f) be the third derivative of -f**6/120 + 11*f**5/60 + f**4/8 - f**3/3 + f**2. What is the remainder when t(11) is divided by 11?
9
Let c(a) = -6*a**2 + 2*a - 3. Let w(b) = -b**2. Suppose -y - 8 = -3*y. Let j(p) = y*w(p) - c(p). Calculate the remainder when 19 is divided by j(2).
5
Suppose 0 = t + 4*t + 4*l - 126, 4*l = 3*t - 50. What is the remainder when 40 is divided by t?
18
Suppose 3*v - 326 = -44. Suppose 23 = 2*o + 5*l, 2*o + 73 = 4*o - 5*l. Calculate the remainder when v is divided by o.
22
Let i(m) = 8*m**2 - m - 1. Calculate the remainder when 31 is divided by i(-1).
7
Suppose -126 = -2*g - c + 3*c, 2*g + 4*c - 96 = 0. Calculate the remainder when g is divided by 16.
10
Let o = 18 - 7. Suppose 4*u - 3*m = -4*m + 12, -4*m = 16. Calculate the remainder when o is divided by u.
3
Let k be (2/4)/((-2)/(-16)). Let n = k + -1. Suppose 1 = n*f - 2. What is the remainder when 2 is divided by f?
0
Let h = -4 - -5. Let u be h + -4 - 1*-3. What is the remainder when 2 is divided by 2 - u*1/(-3)?
0
Suppose 4*d = -y + 55, -6*d + 2*y - 58 = -10*d. What is the remainder when 38 is divided by d?
12
Let l(s) = 17*s**2 - s. Let r be l(1). Let o = 23 - r. Calculate the remainder when 20 is divided by o.
6
Let i(g) = g**2 - g + 6. Calculate the remainder when i(-3) is divided by 7.
4
Suppose -5*l + 295 = -4*p, 173 = 4*l - 2*p - 63. What is the remainder when l is divided by 12?
11
Let s be 40/(-12)*(-6)/5. Suppose 0 = 5*q + s*m - 2*m - 80, 4*m - 48 = -2*q. What is the remainder when 40 is divided by q?
12
Let q = 4 - 8. Let v = q - -6. Suppose -5*r + 0*r + 45 = -5*h, -4*h = -v*r + 22. Calculate the remainder when 19 is divided by r.
5
Let z = -14 - -29. Calculate the remainder when z is divided by 8.
7
Let b(h) = 6*h + 3. Let i(k) = 7*k + 2. Let q(u) = -4*b(u) + 3*i(u). What is the remainder when 95 is divided by q(-10)?
23
Suppose 4*x = x - 111. Calculate the remainder when (-2 + x)*(0 + -1) is divided by 3/6 + 27/2.
11
Let h(f) = -f**2 - 5*f - 3. Let y be h(-6). Calculate the remainder when 22 is divided by (y - -4)*8/(-5).
6
Let u(r) = r**2 + 14*r - 1. Let n(t) = t + 1. Let d(x) = 5*n(x) - u(x). Suppose -2*v + 55 = 3*v. Calculate the remainder when v is divided by d(-9).
5
Suppose -3*o + 4*o = 0. Suppose -g - 4*n + 112 = 3*g, -5*g - 2*n + 131 = o. What is the remainder when 74 is divided by g?
24
Let o(a) = a**3 - 7*a**2 - 2*a - 1. Calculate the remainder when o(8) is divided by 12.
11
Suppose 2*m - n - 4*n - 10 = 0, 0 = -3*n + 12. Suppose -5*j = -j - 116. What is the remainder when j is divided by m?
14
Suppose -236 = 26*a - 30*a. Let i(q) = 11*q**2 - q. Calculate the remainder when a is divided by i(-1).
11
Suppose -2*i = -417 + 171. Calculate the remainder when i is divided by 31.
30
Suppose 0 = 3*o - 163 + 49. Calculate the remainder when o is divided by 8.
6
Suppose -4*w - w + 855 = 0. Suppose 3*u + 2*g = -g + w, -210 = -4*u + 5*g. What is the remainder when u is divided by 28?
27
Let w(g) = g**3 + 6*g**2 + 4*g. Suppose 0 = 5*b + 4*m - 35, -2*m + 1 = 2*b - 5*b. Calculate the remainder when w(-5) is divided by b.
2
Let h = 8 + -4. Suppose -f = -5*n + 94, h*n - 6*n - f = -32. Let b(z) = z**3 - 12*z**2 - 14*z + 20. What is the remainder when n is divided by b(13)?
4
What is the remainder when 23 is divided by (-2 + 3)/(3/24)?
7
Let s = -69 - -96. Calculate the remainder when 53 is divided by s.
26
Calculate the remainder when (22/(-3))/(1/(-3)) is divided by 12.
10
Let g = -13 - -22. Suppose -3*m + 8*m = 170. Calculate the remainder when m is divided by g.
7
Suppose 67 =